d(b) = -b + 10. Let o(y) = 1. Let w(c) = -2*d(c) + 4*o(c). What are the prime factors of w(10)?
2
Suppose 4*t + 2*p - 36 + 12 = 0, -2*t - 3*p + 12 = 0. Suppose -v - 2*w + 245 = 0, 738 = 3*v + 3*w + t. What are the prime factors of v?
3
Let a(b) = b**2 - 19*b - 105. What are the prime factors of a(-20)?
3, 5
Let g(l) be the first derivative of l**4/4 + 2*l**3 + l**2 + 4. Let j be g(-4). Suppose -3*y = 6, -s + 2*s - 3*y = j. List the prime factors of s.
2, 3
Let i = -28 + 284. Suppose -570 = -5*z + 3*w, 3*z - i - 85 = 2*w. Suppose -4*r + z = -15. List the prime factors of r.
3, 11
Let c = -6 + 11. Let r = 33 - c. What are the prime factors of r?
2, 7
Suppose f - 4*c - 5 = 0, f - 2*c - 1 = 2*f. Let s = 3 + f. What are the prime factors of (s - 10)/(6/(-15))?
3, 5
Suppose -2*b - 602 = -5*s, -b - 5 = -9. What are the prime factors of s?
2, 61
Let f = 22 + -16. Suppose 3*t = f*t. List the prime factors of t + 43 + (4 - 2).
3, 5
Suppose 433 = 4*a + 17. Let d = a - -122. What are the prime factors of d?
2, 113
Let u = 54 - 43. Let b(j) be the first derivative of j**2 + 23*j + 1. List the prime factors of b(u).
3, 5
Let l = 3107 - 1375. List the prime factors of l.
2, 433
Suppose 0 = -5*l - 0*l. Suppose -4*m + 64 + 212 = l. List the prime factors of m.
3, 23
Suppose -16*j + 611 + 2125 = 0. List the prime factors of j.
3, 19
Suppose 14*v + 16762 = 40058. What are the prime factors of v?
2, 13
Let p(a) = a**2 + 5*a - 3. Let u be p(-4). Let w = u - -7. Suppose -100 = -2*k - w*k. List the prime factors of k.
2, 5
Let d be (6/15)/((-2)/(-230)). Suppose 0 = 5*b + 6*o - 2*o + d, 2*b + 21 = o. What are the prime factors of 10/(b/2) - -74?
2, 3
List the prime factors of (-8)/(-64) - (-13917)/24.
2, 5, 29
Let b be (-2)/((4 - 0)/(-8)). What are the prime factors of 112/(-7)*(-18)/b?
2, 3
Suppose -31*q = -26*q - 1460. What are the prime factors of q?
2, 73
Let t(d) = 7*d**2 + 3*d. Let h = 25 - 15. Let f = h - 12. List the prime factors of t(f).
2, 11
Let f(x) = 9*x**2 + 3*x - 2. Let s be f(-3). Suppose 0*j + s = 5*r + 5*j, 2*r - 16 = -5*j. What are the prime factors of r?
2, 3
Let m = -8 + 24. What are the prime factors of 0 + 0 + 12/4 + m?
19
Suppose 2*p - c - 8 = 28, c = -3*p + 49. Suppose -3*s = -l - 7, 4*s = -s + 4*l. Suppose 133 = s*h + p. List the prime factors of h.
29
Let l(y) = y**3 + 23*y**2 - 55*y + 55. List the prime factors of l(-25).
2, 3, 5
Suppose 0 = -m + 2*m + 31. Let p = 56 + m. What are the prime factors of p?
5
Let p(q) be the second derivative of 0*q**2 + 1/6*q**3 + 0 + 1/3*q**4 - 5*q. List the prime factors of p(1).
5
Let t = -716 - -728. What are the prime factors of t?
2, 3
What are the prime factors of 989 - -12*(25/15)/5?
3, 331
Let p be -5*(-4 - (-54)/15). Suppose p*a - 51 = 43. List the prime factors of a.
47
Suppose -z = -5*y - 7, 20 = 2*z - 2*y - 2*y. Suppose -3 = 5*f + z, w - 21 = 5*f. What are the prime factors of w?
2, 3
Suppose 0 = 12*v + 370 - 2254. Let w = v - 45. List the prime factors of w.
2, 7
Let m be (-3 - (3 + -6)*1) + -27. Let l = 78 + m. What are the prime factors of l?
3, 17
Suppose -h + 3*m + 897 = 0, -4*h - m + 5*m + 3564 = 0. List the prime factors of h.
2, 3, 37
Let q = 433 + -435. Let t(x) = x**2 - 4*x - 3. Let z be t(6). What are the prime factors of (-35)/((9/q)/z)?
2, 5, 7
Let v = -296 + 356. What are the prime factors of v?
2, 3, 5
Suppose 5*u + 2*g - 265 = -2*g, -4*u + g = -233. List the prime factors of ((-1)/((-6)/u))/((-3)/(-6)).
19
Let b(m) = m**3 + 10*m**2 + 7*m + 12. Let j(q) = -q**3 + 6*q**2 - q - 3. Let p be j(6). Let f be b(p). Let n = f + 4. List the prime factors of n.
2, 17
Let d = -205 + 390. Let w = d + -77. What are the prime factors of w?
2, 3
Suppose -5 = -2*w + 5*s, 6 = -2*w - 3*s + 35. Suppose 5*j = 7*j - w. List the prime factors of j.
5
Suppose 0 = -2*r - 2*q + 448, 3*r - 1126 = -2*r + q. Let n = r - 1. List the prime factors of n.
2, 7
Let i(k) = -k**3 - 9*k**2 + k + 2. Let w be i(-9). Suppose -25 = -2*s - 3. Let r = s + w. List the prime factors of r.
2
Let t(x) = x**2 - 3*x - 51. What are the prime factors of t(14)?
103
Let f be 75/11 + 2/11. Suppose f = -0*g - g - 2*x, 3*x = 4*g - 27. What are the prime factors of 3/(g*(-2)/(-30))?
3, 5
Let x be 1904/35 + 4/(-10). Suppose x = 4*a + 2*o, 0 = -3*a + 4*o - 0*o + 68. Let l = a + -7. What are the prime factors of l?
3
Suppose 2*h - 3*u = 3480, -2*h + 727 + 2751 = -4*u. What are the prime factors of h?
3, 7, 83
Let j = 0 + 0. Let l be 79 - (2 + j/1). Let i = l + -16. List the prime factors of i.
61
Let p(f) = -13*f**3 - 11*f**2 - 29*f - 143. What are the prime factors of p(-7)?
2, 5, 199
Let r(x) = -x**3 - 10*x**2 + 11*x + 3. Let y be r(-11). What are the prime factors of ((-3)/y*19)/(-1)?
19
Let p(s) = 35*s**2 - 8*s + 9. What are the prime factors of p(-5)?
2, 3, 7, 11
Let c = 9 + -6. Suppose 44*b - 101 = -13. Suppose 0*a - 28 = -4*y + 4*a, 0 = -c*y - b*a + 1. What are the prime factors of y?
3
Let w = -226 + 539. What are the prime factors of w?
313
Let y(n) = n + 20. Let j be y(6). Suppose -46 = -3*i + j. List the prime factors of i.
2, 3
Let u = 1595 + -1016. What are the prime factors of u?
3, 193
Suppose -2*u + 88 = -4*b, 109 - 17 = 3*u + 4*b. Suppose 8*r = 15*r - 357. Let h = r - u. List the prime factors of h.
3, 5
Let x(w) = -4*w + 4. Let h be x(-2). Suppose -v = a - 4, -3*v - 3*a = 2*a - h. Suppose 47 = z - o, 0 = -v*z + 4*o - 6*o + 158. What are the prime factors of z?
2, 3, 7
List the prime factors of 3745/6 - (-1 + 5)/24.
2, 3, 13
Let b = -702 - -804. List the prime factors of b.
2, 3, 17
Suppose 5*p - 3*h - 17384 = 0, -6*p + 2*h + 6952 = -4*p. List the prime factors of p.
2, 37, 47
Suppose -2*x - 3*x + 10 = 0. Suppose x*q = 9 + 13. Suppose l - 12 = q. List the prime factors of l.
23
Let q(l) = 32*l - 2. Let v(t) = -2*t + 10*t + 4*t - t - 1. Let h(y) = 5*q(y) - 14*v(y). What are the prime factors of h(7)?
2, 23
Let q(i) = 3*i + 222. List the prime factors of q(28).
2, 3, 17
Let p(h) = -h - 11. Let g be p(-1). Let t(c) = -c**2 - 20*c - 11. List the prime factors of t(g).
89
Suppose 4*d = -2*o - 14, -3*d + 7 = 4*o - 2*d. Let g(w) = w**3 - 7*w**2. Let u be g(7). Suppose o*m = -5*p + 201, u = -3*m - 9. What are the prime factors of p?
2, 3, 7
Suppose 9*t = 23*t - 28448. What are the prime factors of t?
2, 127
Let u = -51 - -42. Let a = 21 - u. List the prime factors of a.
2, 3, 5
Suppose -99 = -4*s + s. Let f = -124 + s. What are the prime factors of (-14)/f + 115/13?
3
Suppose 7*l = -33 + 54. Suppose l*t + 7*t - 2660 = 0. What are the prime factors of t?
2, 7, 19
Let u = 8788 - 5952. What are the prime factors of u?
2, 709
Let t be (5/5)/((-2)/(-6)). Suppose 0 = h - t*w - 0 - 8, -4*h = -5*w - 39. List the prime factors of h.
11
Suppose -2*j = -4*i + 918, -2*i + 6*i + j - 927 = 0. List the prime factors of i.
3, 7, 11
Let n = 42 + -32. Let f(t) = 9*t + 9. What are the prime factors of f(n)?
3, 11
Let n(w) = 31*w**3 - 15*w**2 - 5*w - 1. List the prime factors of n(4).
1723
Suppose -5*p + 32 + 21 = b, b = 3*p + 69. Let t = b + -34. Suppose -3*a = -4*a + t. List the prime factors of a.
29
What are the prime factors of 38/(-133) - 18176/(-14) - 5?
3, 431
What are the prime factors of (-1)/4 + 1609/4?
2, 3, 67
Let n be (-1)/2 + (-21)/(-6). Suppose -k = -n*k. Suppose k*h + 3*h = -5*z + 5, -4*z - 3*h = -1. What are the prime factors of z?
2
Suppose 3*z = 5*a + 56, 4*z + 12 = -2*a - 0*a. List the prime factors of -40*(a - -4) - -4.
2, 61
Let h(y) = 2*y - 6. Let d be h(1). Let k(i) = -i**2 - 3*i. Let o be k(-5). Let b = d - o. What are the prime factors of b?
2, 3
Let m be 14/(-35) - (-124)/10. Suppose -20 = -4*x + m. Suppose -x*a + 4*a = -32. What are the prime factors of a?
2
Let h = -1969 + 7042. List the prime factors of h.
3, 19, 89
Suppose -z + 1615 = 18*z. What are the prime factors of z?
5, 17
Let g = -173 + 165. Let y = 135 - g. What are the prime factors of y?
11, 13
Let w be (3 - 2)/((-5)/(-35)). Suppose -3*d = -w*d + 88. List the prime factors of d.
2, 11
Let k(r) = -2*r**3 - 15*r**2 + 16*r - 31. Let z(n) = -n**3 - 8*n**2 + 8*n - 15. Let j(p) = -6*k(p) + 13*z(p). List the prime factors of j(-15).
2, 3
Let m(f) = -73*f - 10. Let i be m(-4). Suppose 3*w - 213 = i. Suppose -2*t + 2*u + 110 = 0, -3*t + u = -6*t + w. What are t